ate v(-31).
112
Let h(p) = p**3 - 42*p**2 - 34*p - 392. What is h(43)?
-5
Let a(y) = 12*y**2 + 7*y - 6. Determine a(1).
13
Let s(k) = 322*k + 2428. What is s(-7)?
174
Let q(m) = -7*m + 110. Determine q(2).
96
Let t(h) = -32*h**2 + 35*h + 69. Give t(3).
-114
Let x(a) = -2*a**2 + 125*a + 1527. Give x(73).
-6
Let l(k) = -3*k**2 - 1129*k - 3376. What is l(-3)?
-16
Let s(d) = -3089*d - 49429. Give s(-16).
-5
Let u(b) = -255*b + 81090. Give u(318).
0
Let r(u) = -4*u**3 + 3*u - 7. What is r(2)?
-33
Let o(f) = f**2 - 1314*f + 22078. Determine o(17).
29
Let s(u) = -4*u**2 - 22*u + 444. Calculate s(8).
12
Let u(s) = -7*s - 178. Calculate u(-27).
11
Let t(l) = -3*l**3 - 28*l**2 + 42*l - 12. Determine t(-10).
-232
Let p(w) = w**2 - 84*w + 1149. Calculate p(18).
-39
Let s(m) = 18*m + 570. Give s(-25).
120
Let c(i) = 8*i**2 + 105*i + 109. Calculate c(-12).
1
Let l(i) = -2*i**2 + 70*i - 327. Give l(30).
-27
Let b(t) = -2*t**2 - 37*t - 44. Determine b(-16).
36
Let d(m) = -2*m**3 - 5*m + 23. Calculate d(3).
-46
Let j(b) = 2*b**3 + 4*b**2 - 21*b - 62. Calculate j(-4).
-42
Let q(k) = k**3 + 4*k**2 - 8*k - 9. Give q(-4).
23
Let w(i) = -i**3 - 55*i**2 + 15*i + 844. What is w(-55)?
19
Let q(z) = 33*z - 376. Give q(11).
-13
Let d(n) = 2571*n + 43731. Give d(-17).
24
Let i(r) = -17*r + 97. Calculate i(5).
12
Let s(a) = -37*a - 3440. What is s(-93)?
1
Let x(w) = -11*w**2 - 260*w + 381. What is x(-25)?
6
Let w(m) = -58*m + 31. Determine w(4).
-201
Let z(x) = 1109*x + 54339. What is z(-49)?
-2
Let z(o) = -5387*o - 263958. Determine z(-49).
5
Let b(p) = -3*p**2 + 247*p - 677. Give b(80).
-117
Let j(y) = 12*y**3 - 78*y**2 - 5*y + 91. Give j(7).
350
Let h(y) = -1615*y + 16149. Determine h(10).
-1
Let g(l) = l**2 - 649*l + 99604. Give g(400).
4
Let d(y) = -2*y**2 + 121*y - 340. Determine d(59).
-163
Let h(z) = -z**3 - z**2 + 28*z - 69. Give h(-7).
29
Let x(s) = s**2 + 392*s - 15404. Calculate x(36).
4
Let o(r) = -10*r**2 + 74*r - 164. Give o(5).
-44
Let w(o) = -2*o**3 - 167*o**2 + 259*o - 143. What is w(-85)?
-483
Let o(t) = 7349*t + 36739. Give o(-5).
-6
Let p(b) = -b**3 - 110*b**2 + 228*b + 190. Calculate p(-112).
-258
Let w(z) = z**2 - 189*z - 1364. Calculate w(-7).
8
Let u(v) = 10*v**2 - 460*v - 26. Determine u(46).
-26
Let s(j) = j**3 + 15*j**2 + 43*j + 41. What is s(-3)?
20
Let b(p) = -3*p**2 + 43*p - 157. Give b(11).
-47
Let j(g) = -3228*g + 6426. Determine j(2).
-30
Let f(k) = -57882*k + 173645. Determine f(3).
-1
Let c(b) = 2*b**3 + 4*b**2 - 32*b + 76. What is c(-6)?
-20
Let x(d) = 709*d + 64515. Give x(-91).
-4
Let l(s) = -60*s - 60. Determine l(-3).
120
Let r(t) = 4*t - 225. Determine r(55).
-5
Let n(h) = h**2 - 28*h - 161. Calculate n(37).
172
Let n(p) = p**3 + 6*p**2 - 37*p - 288. What is n(-9)?
-198
Let y(r) = 13*r**3 + 16*r**2 - 17*r. What is y(1)?
12
Let r(v) = 142*v - 133. Calculate r(2).
151
Let q(z) = -21451*z + 64362. Calculate q(3).
9
Let b(s) = -724*s - 2082. Give b(-3).
90
Let p(k) = -16*k**2 + 67*k + 354. Calculate p(-6).
-624
Let j(a) = -a**3 - 8*a**2 - 15*a - 24. Calculate j(-8).
96
Let c(n) = -n**3 + 19*n**2 - 48*n - 40. Calculate c(16).
-40
Let h(b) = 2*b**3 + 23*b**2 + 56*b - 58. Give h(-7).
-9
Let h(x) = 16*x - 144. What is h(11)?
32
Let n(p) = p**3 + 147*p**2 - 587*p + 2567. What is n(-151)?
0
Let h(y) = -10*y + 176. Determine h(26).
-84
Let s(c) = 4*c**2 + 345*c - 267. Give s(-87).
-6
Let s(w) = w**3 - 86*w**2 - 79*w - 889. Calculate s(87).
-193
Let a(c) = -624*c - 61157. Give a(-98).
-5
Let b(y) = -82*y + 399. What is b(6)?
-93
Let v(a) = 62*a + 1379. Determine v(-22).
15
Let f(j) = -4*j**3 + 20*j**2 + 7*j - 20. Give f(5).
15
Let r(g) = -16*g**2 - 382*g + 46. What is r(-24)?
-2
Let k(y) = 834*y - 3337. What is k(4)?
-1
Let x(d) = -4*d**3 + 69*d**2 - 16*d - 24. Determine x(17).
-7
Let c(o) = 3*o + 36. Give c(5).
51
Let h(a) = 4*a**3 - 2*a**2 - 19*a - 77. Give h(-5).
-532
Let m(c) = 13*c - 687. What is m(52)?
-11
Let s(f) = -f**2 + 33*f + 97. Give s(40).
-183
Let b(c) = 14544*c - 43639. Give b(3).
-7
Let t(b) = -b**3 - 27*b**2 - 257*b - 939. Determine t(-12).
-15
Let r(c) = 30*c**2 + 129*c + 688. What is r(-6)?
994
Let r(m) = -m**2 + 4*m + 198. What is r(-11)?
33
Let f(l) = -l**3 + 2*l**2 + 6*l - 7. Calculate f(-3).
20
Let x(y) = 38*y + 248. Calculate x(-7).
-18
Let v(s) = -s**3 + 21*s**2 - 16*s - 43. What is v(20)?
37
Let x(i) = -24*i**2 - 14*i - 19. Determine x(-4).
-347
Let g(x) = x**3 + 129*x**2 - 808*x - 7. Give g(-135).
-277
Let l(k) = k**3 - 3*k**2 - 5*k + 25. What is l(3)?
10
Let q(t) = t**3 - 19*t**2 + 9*t + 403. Calculate q(17).
-22
Let m(s) = -9*s - 305. Determine m(-37).
28
Let s(h) = 19*h + 120. Calculate s(5).
215
Let a(t) = t**3 + 4*t**2 - 162*t - 774. What is a(-5)?
11
Let l(d) = 1446*d + 59262. Determine l(-41).
-24
Let b(f) = -83*f - 1557. What is b(-25)?
518
Let w(u) = -u**2 + 478*u - 56663. Give w(218).
17
Let x(g) = g**2 - 27*g + 432. What is x(13)?
250
Let m(j) = 98*j - 1598. Determine m(17).
68
Let t(h) = 6*h + 436. Calculate t(-75).
-14
Let i(m) = -m**2 - 139*m - 4525. Give i(-52).
-1
Let o(n) = -n**3 + 46*n**2 - 41*n - 192. Give o(45).
-12
Let o(i) = -43*i - 34. Calculate o(-4).
138
Let f(q) = -27*q + 509. Determine f(20).
-31
Let l(x) = -10*x + 18. Calculate l(4).
-22
Let z(j) = -49*j + 2261. Give z(46).
7
Let a(u) = -u**3 - 45*u**2 - 200*u + 8. What is a(-40)?
8
Let y(i) = 10*i - 145. Give y(12).
-25
Let w(j) = j**3 - 13*j**2 - 31*j - 10. Give w(15).
-25
Let h(x) = 91*x + 4735. Give h(-52).
3
Let k(s) = s**3 + 24*s**2 - 56*s - 40. Give k(-26).
64
Let p(r) = r**3 - 53*r**2 + 335*r - 84. What is p(7)?
7
Let o(c) = -118*c + 3617. What is o(31)?
-41
Let f(s) = -10*s**2 + 133*s + 32. Determine f(11).
285
Let j(s) = 1847*s - 31421. Calculate j(17).
-22
Let x(g) = 110*g**2 - 7*g - 6. Give x(-1).
111
Let k(g) = 13*g**3 - 4*g + 4. Calculate k(-3).
-335
Let q(c) = -22*c**2 - 640*c - 26. Calculate q(-29).
32
Let b(i) = 2*i**3 - i**2 + 260*i - 526. Calculate b(2).
6
Let h(u) = 227*u - 1643. Calculate h(9).
400
Let o(x) = x**2 - 109*x - 2004. What is o(-16)?
-4
Let q(l) = 926*l**2 - 13889*l - 12. Give q(15).
3
Let i(h) = h**2 - 168*h + 6909. What is i(72)?
-3
Let q(w) = -w**2 - 40*w + 267. Calculate q(12).
-357
Let g(n) = 6*n**3 - 198*n**2 - 198*n - 207. Determine g(34).
-3
Let p(n) = -227*n - 1332. What is p(-6)?
30
Let p(j) = j**3 + 29*j**2 + 67*j + 23. Give p(-26).
309
Let s(l) = l**3 + 9*l**2 - 30*l + 66. Give s(-12).
-6
Let n(l) = l**3 - 152*l**2 - 145*l - 1216. Give n(153).
8
Let y(t) = t**3 + 5*t**2 + 25*t - 30. Give y(1).
1
Let y(i) = -2*i**3 - 16*i**2 + 207*i + 14. Determine y(7).
-7
Let k(t) = -t**3 - 169*t**2 - 4033*t + 3785. Calculate k(-140).
5
Let o(j) = -j**3 + 161*j**2 + 1013*j + 27396. What is o(168)?
12
Let h(d) = 9*d**3 - 19*d - 40. Calculate h(-4).
-540
Let d(c) = 3*c**2 + 19*c + 19. Determine d(-3).
-11
Let s(l) = -l**3 + 17*l**2 - 94*l + 67. What is s(8)?
-109
Let p(c) = -c**2 + 371*c + 4597. What is p(-12)?
1
Let n(o) = -o**2 - 42*o + 123. Determine n(-47).
-112
Let y(s) = s**3 + 51*s**2 + 145*s + 91. Calculate y(-48).
43
Let u(a) = a**3 - 23*a**2 + 31*a - 201. Determine u(22).
-3
Let k(t) = t**3 + 24*t**2 + 222*t + 4551. What is k(-23)?
-26
Let k(q) = -q**3 + 10*q**2 + 37*q + 32. Determine k(-2).
6
Let j(u) = -u**3 + 123*u**2 - 122*u + 2. Determine j(122).
2
Let d(f) = -6739*f - 6736. What is d(-1)?
3
Let a(r) = -5*r + 37. What is a(-6)?
67
Let u(r) = r**3 - 4*r**2 + 8*r - 16. Calculate u(3).
-1
Let p(h) = h**3 + 5*h**2 - 173*h - 1107. What is p(-7)?
6
Let a(o) = 10*o**3 + 51*o**2 - 5*o - 60. Determine a(-5).
-10
Let r(n) = n**2 - 44*n - 104. What is r(46)?
-12
Let y(i) = 3*i**2 + 51*i - 128. Give y(-18).
-74
Let s(l) = l**3 - 26*l**2 + 8*l - 209. Determine s(26).
-1
Let x(u) = -2*u**3 + 47*u**2 - 23*u + 18. Calculate x(23).
18
Let g(y) = 2*y**2 + 19*y - 52. Give g(-11).
-19
Let m(q) = 2*q**3 + 48*q**2 - 6*q - 122. Give m(-24).
22
Let v(z) = -z**2 - 122*z - 7. Determine v(-122).
-7
Let m(n) = -148*n + 2173. Determine m(15).
-47
Let o(c) = c**2 + 62*c + 938. Calculate o(-22).
58
Let t(l) = -389*l - 1942. Determine t(-5).
3
Let s(f) = f**2 - 8*f - 205. Give s(0).
-205
Let k(w) = -3*w - 158. Give k(-18).
-104
Let f(d) = 129*d + 5557. Determine f(-43).
10
Let h(q) = q**2 - 39*q - 714. Give h(58).
388
Let 